3/3 + y**2/2 + 7*y. Is i(-4) a prime number?
False
Let k be -1 - (2 - 2366 - -3). Let c = 4689 - k. Is c composite?
True
Suppose 0 = 2*y - 0*j + j + 10, -3*j + 18 = -2*y. Let k be (18 + -15)/(y/(-8)). Suppose 0 = -2*a + 2*o + 2*o + 994, -2018 = -k*a - 2*o. Is a a prime number?
True
Let l(w) = -292*w - 14. Let y be l(-5). Let d = y - -50. Is 10 + -13 + d/2 composite?
True
Let i be 8/28 + (-6590)/(-14). Let h = 1220 - i. Is h a prime number?
False
Let t(y) = 1948*y + 5. Let h be t(-2). Let p = 7042 + h. Is p prime?
False
Is (-2 - -3)/(9/(56682 + 9)) a composite number?
False
Let m be -5*((-21)/15 - -1). Let n be 1/(m/(0 - -258)). Let u = 226 - n. Is u prime?
True
Suppose -3*r - 3125 = -4*a - a, -5*a + 3125 = 2*r. Suppose 4*b + g - 17 = 0, 3*b - 11*g - 19 = -13*g. Suppose -190 = b*d - a. Is d composite?
True
Let r(q) = -4*q**3 + q**2 + 2. Let h be r(-2). Let z = h - 19. Is (-2 - -1)/((-1)/z) composite?
False
Suppose 0 = 24*c - 27*c + 2601. Suppose c = 24*o - 21*o. Is o a prime number?
False
Suppose -x = 2*l + 5, 0 = 2*x + 3*x + 5*l. Suppose 470 = x*k - 3*k. Suppose -k = -5*h + 400. Is h a composite number?
False
Let q(i) = -i**3 - 5*i**2 + 7*i + 7. Let r be q(-6). Is (r - 3)*(-2073)/6 a prime number?
True
Let h = -10 + -2. Is (-16755)/h + 6*1/8 prime?
False
Suppose 4*j = 4*x - 2*x + 60, 5*x - 3*j + 122 = 0. Let s be (-4)/x - 4905/55. Let p = s + 126. Is p composite?
False
Suppose 5*o + 0*o - 2*a = 26, -5*o - 3*a = -11. Let v(s) = -s + 6. Let h be v(o). Suppose h*t = t + 445. Is t a prime number?
False
Suppose 2*g = -2*j + 8, 0 = 2*j - 2*g + 3*g - 8. Suppose -j*h + 4*z + 580 = -136, -3*z + 716 = 4*h. Is h prime?
True
Let b = 56 + -51. Suppose k + 4*j + 1028 = 3461, 2*j - 12183 = -b*k. Is k composite?
False
Suppose -9*x + 488598 = -285321. Is x a composite number?
False
Let v(u) be the first derivative of -u**4 + 5*u**3/3 - 3*u**2/2 - 3*u + 1. Let f be v(-6). Let i = -686 + f. Is i a composite number?
False
Let j(p) = 127*p + 681. Is j(0) composite?
True
Is (-90966)/(-8) + -2 - 12/(-48) prime?
True
Let d = 4898 - 3157. Is d a composite number?
False
Let l(z) = 2 + 3 - 32*z - 1 + 2. Let s be l(-3). Suppose 12*v - 9*v = s. Is v a prime number?
False
Let m(b) = -1816*b + 21. Is m(-2) composite?
True
Let y = 21 - 5. Let l be (0 - -1) + (y - 1964). Let p = l - -2740. Is p a prime number?
False
Suppose 2*i + n - 17929 = 0, 2*i + i = 4*n + 26877. Is i a prime number?
True
Let l(k) = -k - 8. Let i be l(-11). Suppose 0*h = -3*h + 15, -i*b - 4*h + 20 = 0. Suppose 5*z - 3*r - 1103 = b, -3*r + 8 + 4 = 0. Is z prime?
True
Let t(d) = -15*d**2 + 27*d - 22. Let m(q) = 0 + 17*q - 9 - 4*q - 2 - 7*q**2. Let w(i) = -9*m(i) + 4*t(i). Is w(8) prime?
True
Let v = 3 - -5. Suppose v*k = 3*k + 4*x + 359, -4 = 4*x. Suppose -d + 74 = 3*l, k = -3*d + 3*l + 293. Is d a prime number?
False
Let d(v) = -758*v + 13. Is d(-6) composite?
False
Suppose -16*v - 872 = 2696. Let b = 1116 + v. Is b composite?
True
Let p(z) = z**2 + z - 2. Let c be p(-6). Suppose -c = -3*s + s. Suppose s = 2*t - 222. Is t composite?
True
Suppose -12 = -2*y - 6. Suppose -y*f + 123 = -k + 821, 4*k - 2822 = 2*f. Is k composite?
True
Suppose -12*x - 35 = -7*x. Let p(s) = 43*s**2 - 9*s - 21. Is p(x) composite?
True
Is 27918/34 + (19/(-17) - -1) a composite number?
False
Suppose -5*k = 4*y + y - 1145, 3*k + 12 = 0. Let m = y - 84. Is m prime?
True
Suppose 4*m + k - 143 = 0, 0 = 3*m - 6*m - 2*k + 106. Let b be 8/m - 88/(-9). Is 4/10 + 2926/b composite?
False
Suppose 6*w - 8 = 4*w. Suppose 2*u + 0*x + x = -w, 3*x = -5*u - 11. Is (u/(-2))/(1/70) prime?
False
Suppose -7*a + 2*a + 5*o + 5345 = 0, -o = -1. Suppose 0 = -4*k - 4*d + 6576, -a = -3*k + 5*d + 3902. Suppose 514 = 7*j - k. Is j a prime number?
False
Let f(s) = -279*s**3 + 5*s**2 + 45*s + 187. Is f(-4) composite?
True
Suppose -4*k + 1894 = 2*u, 937 = u - 0*k + 4*k. Let g = 1592 - u. Suppose 3*a + 2*a - g = 0. Is a a prime number?
True
Suppose -4*j - 1327 = -t, -4*t + 2690 = -2*t + j. Is t prime?
False
Suppose 14259 = 7*g + 5334. Let j = g - 598. Is j a prime number?
True
Let z(k) = 4675*k**2 + 9*k + 15. Is z(-2) composite?
True
Suppose 4*l + 1310 - 22809 = -i, 4*i - l - 86064 = 0. Suppose 0*o = -13*o + i. Is o a composite number?
True
Suppose -1687 = -13*k + 4644. Is k prime?
True
Let p be ((-80)/(-4))/5 - 4. Suppose p = 4*o - 1709 - 375. Suppose w - o = 4*t, 0*w = -2*w - 5*t + 1107. Is w composite?
False
Is 5094/3 + (0 - 5) composite?
False
Let v(j) be the first derivative of j**4/3 - 2*j**3/3 - j**2 + 7*j - 5. Let m(a) be the first derivative of v(a). Is m(-6) composite?
True
Is (-15)/9 + (-4873)/(-33) prime?
False
Suppose -6231 = -7*a + 2554. Is a prime?
False
Suppose 613 = -2*s + 3*s. Suppose -s = 34*z - 35*z. Is z prime?
True
Let i = 15 + 73. Let w = 45 + -43. Suppose i = 6*a - w*a. Is a prime?
False
Let u(j) = 6*j**3 + 4*j**2 - 16*j + 7. Is u(10) a composite number?
False
Let h = 3417 + -1674. Let t = 2596 - h. Is t composite?
False
Is 6/(-15) + 38317/5 - -6 a prime number?
True
Suppose -3*b = 4*v - 4*b - 1808, 4*b = 2*v - 918. Is v composite?
True
Let l = -2029 + 1186. Let o = l + 1311. Suppose o = -4*b + 1120. Is b a composite number?
False
Let z = -25 - -15. Let h = -8 - z. Suppose 4*u - h*u = 102. Is u composite?
True
Suppose 2*p = q - 0*p - 469, 2*p + 4 = 0. Let n = 100 + q. Is n a prime number?
False
Let o be (-21)/(-49) - (-129)/(-7). Let a be (-18)/(-8)*(-48)/o. Is (13*5)/(-5 + a) composite?
True
Is (2/(-3))/((-7)/45381) a composite number?
True
Let d be 3/(((-14)/28)/(1/(-6))). Is 670/((-8 + 7)*(d - 3)) a prime number?
False
Is (-3511 - (-14 - -6))*-1 a composite number?
True
Let l = -7053 - -12456. Is l composite?
True
Suppose 0 = -3*z - 3*a + 17004, 5670 = 52*z - 51*z + 2*a. Is z a composite number?
True
Suppose -5*u + 1 = 2*z - 5, 3*z = 2*u + 9. Suppose t - 4*t = u. Suppose t*q = -3*q + 117. Is q prime?
False
Suppose 5*g - 25 = 3*b, -3*g - g - 2*b = 2. Let q be 2/g + (-36)/(-4). Is (-1)/((q/(-374))/5) a composite number?
True
Suppose 0 = 3*n - 0*n - 12. Suppose u = -n*u. Suppose -a + 2*a - 337 = u. Is a prime?
True
Suppose 334527 = 13*h + 60526. Is h composite?
True
Let o(s) = 49*s**2 + 5*s - 13. Suppose 7*p - 15 = 13. Is o(p) a composite number?
True
Let d be (7 - 6 - 1)*(-1 + 2). Suppose d = -t - w + 1480, 7394 = 5*t - 3*w + 6*w. Is t a prime number?
False
Suppose 10*j + 4*j = 43022. Is j composite?
True
Is 7347 - (-5)/((-5)/(-2)) prime?
True
Let x = 2 + -2. Suppose -4*r = -5*b, -4*r = 25*b - 22*b. Suppose 2*s - d - 45 = x, 2*s + 2*d + r*d = 48. Is s prime?
True
Is ((-4)/(-3))/(180/16653735) composite?
True
Suppose 0 = 5*q - 3*x - 6090, -q - 3*x = x - 1218. Suppose 4*v - q + 410 = 0. Suppose -2*y + 112 = 2*r - 7*y, y = -4*r + v. Is r a composite number?
True
Let r be (2 + -5)*-376*1. Let v be (3/(-9))/((-4)/r). Suppose k - v = 235. Is k composite?
True
Let t be (1/6)/(5/30) - -1711. Suppose 5*a - 3*n - 705 = t, 0 = -3*n - 12. Is a composite?
True
Let z(b) = b**3 - 14*b**2 + b + 21. Let v(s) = -3*s - 7. Let g be v(-7). Is z(g) composite?
True
Let w(o) = 4*o**2 + 3*o + 6. Suppose -26 + 5 = -3*b. Is w(b) composite?
False
Suppose -3*p + b = -0*b - 957, 3*b = 9. Let f = p - 31. Is f composite?
True
Is (-1675)/(-4) - 2/(-8) prime?
True
Suppose 0 = -5*l + 28 - 88. Let c be (-100)/15*l/10. Is 4482/24 + 2/c prime?
False
Let t be -3*2/12*-6. Let z(w) = 2*w - 4. Let n be z(t). Suppose -2*p + n*x = p - 13, 4*p = -x + 32. Is p a composite number?
False
Suppose -5*p = -3*w - 4940, -p + 7*w + 986 = 6*w. Is p prime?
True
Suppose -3*f - 6137 = -4*n + 21188, 0 = 4*n + 4*f - 27360. Is n prime?
False
Let w(s) = s**2 - 5*s + 4. Let y be w(5). Suppose -3*l = 5*m - 575, -l + 3*l + m - 381 = 0. Is (y + 14/(-4))*l a composite number?
True
Suppose -4*o - 245 + 10561 = 0. Is o a composite number?
False
Suppose -30 = 6*h - 6. Let s(o) = -144*o + 13. Is s(h) prime?
False
Let c = -7 - -10. Suppose -2*k = -3*t - 45 - 62, -4*k - c*t + 241 = 0. Is k + (2 - 0)/(-2) a prime number?
False
Let z be (15258/(-8))/((-36)/192). Suppose -2*c + 3*r + z = 0, r - 3 = -1. Is c a prime number?
False
Is 3 + (4/6)/((-38)/(-103398)) prime?
False
Let i = -6992 + 14673. Is i a composite number?
False
Let k(d) = d - 1. Let w be k(3). Suppose w*b + 6 = 0, 4*p + 10648 = 9*p - b. Suppose 4